 and p.
5
Suppose 0 = -55*k + 3189 - 54. Calculate the greatest common factor of k and 893.
19
Suppose 31*x - 210 = 17*x. Let q(i) = i**3 - 7*i**2 - 15. Let u be q(12). What is the highest common divisor of x and u?
15
Let z(v) = 2*v**2 + 31*v + 84. Let j be z(-3). What is the highest common divisor of j and 471?
3
Suppose 0 = h - w - 65, 5*w + 9 - 160 = -2*h. What is the highest common divisor of 6154 and h?
34
Let m be (1585/(-2))/(-13*(-13)/(-1690)). What is the highest common divisor of m and 25?
25
Let a be 1/8*118 + 8/32. Suppose 13*m - 50 = a. Suppose -2*y + 212 = -x, -y + m*x + 176 - 52 = 0. What is the greatest common divisor of y and 260?
52
Let x = 8 - -26. Suppose -x = -3*f + 2. Suppose 0 + 4 = 4*d, -3*d = -5*o + 37. Calculate the greatest common divisor of f and o.
4
Suppose 4*c + 5*f = 27, -3*c = 2*c - 5*f - 45. Let l(u) = -u**2 - 252 + c*u + 130 + 130. Let o be l(6). What is the highest common divisor of 120 and o?
20
Let o = 190 + -93. Suppose 3*i = o - 28. Suppose 8*u + 52*u - 9108 = -39*u. What is the highest common factor of u and i?
23
Let v be 1 - (-1 + -6) - (-13 + 16). Let m be (-4 + v)/(1/(-9)*-3). Let r be ((-8)/40 + 103/15)*m. Calculate the highest common factor of r and 4.
4
Suppose -43 - 41 = -3*y - 78. Calculate the highest common factor of 94 and y.
2
Suppose -18 - 129 = 49*f. Let r be (-48)/24*(99/6)/f. What is the greatest common divisor of r and 11?
11
Let n(f) = -2*f**3 - 64*f**2 + 45*f + 26. Let g be n(-34). Calculate the greatest common factor of 24 and g.
24
Let t = -25 - -30. Suppose -36 = -2*u - t*s, 3*u + 0*s - 54 = 4*s. Let k = -29 - -38. Calculate the highest common factor of k and u.
9
Suppose -63*u + 37754 + 21862 + 53784 = 0. Calculate the highest common divisor of u and 4600.
200
Let t(r) = 6*r**2 - 16*r - 27. Let n be t(4). What is the highest common divisor of 1205 and n?
5
Suppose -70*a + 84850 = 198*a - 78362. Calculate the highest common divisor of a and 3857.
203
Let m be ((-1566)/63 - -27)/(1/35). What is the highest common factor of m and 420?
15
Let w(y) = 20*y**2 - 45*y - 5. Let u be w(-2). Suppose 140 = 6*a + 8. Calculate the greatest common factor of a and u.
11
Suppose -3*h = 9, -14 = 2*x + 3*x + 3*h. Let s(i) = 180*i**2 + 3*i + 3. Let r be s(x). Let u = -63 + r. Calculate the greatest common divisor of 13 and u.
13
Let d be (4/5)/(38/95). Suppose -3*t + 5*r = -12, -d*t + 5*t + 3*r + 12 = 0. Let g be 1*t*(-32)/4. What is the greatest common factor of g and 4?
4
Let n = 29 - 77. Suppose p + 2*b = 6*b + 58, 0 = -p + 5*b + 60. Let s = p + n. What is the greatest common divisor of 16 and s?
2
Suppose 2*j - 4*d - 1518 = 0, -4*j - 5*d = -2067 - 969. What is the greatest common divisor of 99 and j?
33
Let r = 338 - 418. Let j be 27/(-1)*r/120. Let y be (-12)/(-9)*(-243)/(-2). Calculate the greatest common divisor of j and y.
18
Let j be -1 + -2 + 3 - (-178 + -4). Let r = -105 + j. What is the greatest common factor of 14 and r?
7
Let z = -28 - -49. Let c = 53 + -36. Suppose -z = -4*q - c. Calculate the highest common factor of 1 and q.
1
Let y(m) = -613*m + 1316. Let o be y(2). Suppose 3*r - 50 = -g + 7, r = -5*g + 5. What is the greatest common factor of r and o?
10
Let k = 8181 - 8165. Calculate the highest common factor of 1912 and k.
8
Suppose -714 = -7*b + 2*z, -14*b + 4*z - 272 = -17*b. Calculate the highest common factor of b and 7300.
100
Let c be (-8)/(-80) + 133854/60. Suppose -y + 2*w = -556, 27*w = 4*y + 26*w - c. What is the highest common factor of 62 and y?
62
Let z = 4441 - -5412. Calculate the highest common divisor of z and 59.
59
Let i be (-22)/2 - (-18 - 3) - -116. What is the highest common divisor of 78 and i?
6
Suppose -2 = f, -12 = 2*c + 5*f + 36. Let j be (-1)/(-3)*211 - c/(-57). Calculate the greatest common divisor of 80 and j.
10
Suppose -b + 2250 = 5*s - 3422, -5*s + 5658 = -6*b. What is the highest common factor of s and 648?
162
Let l be 8/20 + (-8)/20. Suppose -70 = -r + 5*z, r - 2*z + 5*z - 30 = l. Let n = 67 + 248. Calculate the highest common divisor of n and r.
45
Suppose -20 = -2*t + 16. Let v = t - -11. Let g be (-145)/(-45) + -3 - 166402/(-522). Calculate the greatest common factor of g and v.
29
Let v = -15459 + 15536. Calculate the highest common divisor of 525 and v.
7
Suppose -11538 - 188 = -272*v + 13298. Calculate the highest common divisor of 253 and v.
23
Let f be 6 - ((-2)/(-9) - 14483077/1449). What is the greatest common factor of 137 and f?
137
Let v(z) = 28 + 4*z**3 + 20*z**2 + 19*z**3 - 24*z**3. Let a be v(20). What is the greatest common factor of 756 and a?
28
Suppose g + 32 = 17*g. Suppose t - 46 = -3*b - 4*t, 3*t = b + 8. What is the highest common factor of g and b?
1
Let o = 16163 - 15677. What is the greatest common divisor of o and 1296?
162
Let a = 51 + -52. Let p be 0 - (a - -5) - -7. Let o be 108/3 - (-1)/p*-3. What is the greatest common divisor of o and 7?
7
Suppose 109 - 15 = l - 4*g, 0 = -2*g - 2. Suppose -5*t = -3*j + 135, -6*t - l = -2*j - 9*t. What is the highest common factor of 3 and j?
3
Let g = -32232 + 32486. What is the greatest common factor of 508 and g?
254
Let a(b) = -b**3 + 5*b**2 + 16*b - 9. Let m be a(7). Suppose -332 = -4*v + m*d, 7*d = v + 6*d - 82. Calculate the greatest common divisor of 130 and v.
26
Suppose 5*d = 3*t - 305, -d - 101 = 235*t - 236*t. Let a(p) = -23*p + 2. Let u be a(-6). What is the greatest common divisor of u and t?
20
Let h(g) = -10*g**3 - 3*g**2 + 2*g + 5. Suppose 5*d = n - 8, 0 = 2*n + 4*d + 14 - 2. Let c be h(n). What is the highest common divisor of 621 and c?
69
Let r be 2 + -1 + 3 + (2 - 3). Suppose -r*i = 5*i + 80. Let f be (i/(-25) - 2)/(4/(-30)). What is the greatest common divisor of 84 and f?
12
Let m = 2555 - 2552. Suppose 7*y - 90 = y. What is the greatest common divisor of y and m?
3
Let b be (-20*(-1)/3)/((-2)/(-336)*7). Calculate the highest common divisor of 1020 and b.
20
Suppose 3*n - 1488 = -h, -4*n - 5*h = -n - 1488. Let m = 4576 - 4514. What is the highest common factor of n and m?
62
Suppose 6*w - 71 + 23 = 0. Suppose 28 = 4*z + 2*v - 0, 0 = v + 2. Calculate the greatest common factor of z and w.
8
Let v = -6209 - -7093. What is the greatest common factor of 340 and v?
68
Let b be (-73)/(-146)*(1 - 0)*2. Let g = 251 - b. What is the greatest common factor of g and 150?
50
Suppose 10*n = 6*n + 18*n - 1918. What is the greatest common factor of n and 4247?
137
Suppose -50*s + 53*s + 90 = 0. Let c be (-42)/(-4)*(-120)/s. What is the greatest common divisor of c and 112?
14
Let w = -1422 - -1612. Calculate the highest common factor of 38 and w.
38
Let t = 249538 + -249534. Let j be 2/(-4)*-2 - 1. Suppose -2*u = -c + 1 + 11, j = -5*u - 5. Calculate the greatest common factor of c and t.
2
Let b be (-3892)/(-70)*(17 + -7). Calculate the highest common divisor of b and 12.
4
Suppose 55*x + 107 = 54*x. Let n = 194 + x. Suppose 7*d = 3*d - 4*s + 92, -4*d - 3*s + n = 0. Calculate the greatest common factor of 45 and d.
9
Let i = -12102 + 33760. Calculate the greatest common factor of i and 52.
26
Let m(x) = 3*x**3 + 2*x**2 + 2*x - 1. Let k be m(4). Suppose -546 = -111*l + 85*l. Calculate the highest common divisor of k and l.
21
Let p = 4940 + -2531. Suppose -5826 = -4*k - 3*u - p, 5*k - u - 4276 = 0. What is the greatest common factor of k and 45?
45
Suppose 4*v - g + 0*g = -2, 0 = -4*v - g - 6. Let a(y) = -148*y + 41. Let d be a(v). Let l = 93 + -66. Calculate the highest common divisor of d and l.
27
Suppose 2425*t - 2424*t + 577 = 0. Let q be t/(-9) + 2/(-18). Calculate the highest common factor of 72 and q.
8
Let m be (-16)/(-14) + (3 - 4) - (-7136)/224. Calculate the greatest common factor of m and 12.
4
Suppose -5*t = -2*d - 345, -3*d + 9 = -6. Suppose -t*s = -74*s + 24. What is the highest common divisor of 216 and s?
8
Let a = 5 + -3. Let d be 700/8 - (-1)/a. Suppose -76*t + 8620 = -4*t - 884. What is the highest common factor of d and t?
44
Let a be (-5)/(-80)*12 + (-29)/(-4). Let g = -611 - -631. What is the highest common factor of a and g?
4
Suppose 5*s - 24 = 3*y, -4*y + 5*y + 6 = s. Suppose 0 = 2*g - 7*g + 25, -124 = -s*f - 2*g. What is the greatest common factor of f and 2?
2
Let b be (-6)/(-3) + (-16 - -765 - (1 + 4)). Calculate the highest common div